vide 121304688?
True
Is 197 a factor of 9002821?
False
Does 10 divide 8717346?
False
Is 141373320 a multiple of 5?
True
Is 195862460 a multiple of 122?
True
Is 1607 a factor of 28687188?
False
Does 387 divide 35103345?
False
Is 69 a factor of 217611137?
False
Is 648 a factor of 9893016?
True
Is 5 a factor of 90021520?
True
Is 14 a factor of 2231706638?
True
Does 599 divide 18051412?
False
Is 475897550 a multiple of 25?
True
Is 4964557 a multiple of 9?
False
Is 6136287 a multiple of 53?
True
Does 16 divide 139991536?
True
Does 484 divide 53587065?
False
Is 1067052304 a multiple of 1112?
False
Is 178 a factor of 28782490?
False
Does 7052 divide 1257213402?
False
Is 26401776 a multiple of 381?
True
Is 29831644 a multiple of 71?
True
Is 24400694 a multiple of 43?
True
Is 928 a factor of 331614304?
True
Does 6 divide 24347052?
True
Does 1802 divide 118014782?
True
Is 882242116 a multiple of 56?
False
Is 156163573 a multiple of 803?
False
Does 756 divide 66272472?
True
Is 34 a factor of 1092997176?
False
Is 143752208 a multiple of 46?
True
Does 299 divide 922502?
False
Is 45668154 a multiple of 102?
True
Is 21 a factor of 2778816957?
True
Is 27 a factor of 6935446?
False
Does 5 divide 205246825?
True
Does 6 divide 2089440108?
True
Is 53 a factor of 4984491?
True
Is 9 a factor of 48473604?
True
Is 155 a factor of 1372153310?
True
Does 44 divide 99243132?
False
Is 920473672 a multiple of 57?
False
Is 82 a factor of 1750459361?
False
Does 168 divide 992534?
False
Is 210 a factor of 420065449?
False
Is 17944642 a multiple of 262?
True
Is 4127 a factor of 298790673?
True
Is 3 a factor of 295298707?
False
Does 9 divide 574578018?
True
Does 23 divide 84956365?
True
Is 390459871 a multiple of 2087?
False
Is 36 a factor of 236838492?
True
Is 296 a factor of 433700976?
True
Is 8467454 a multiple of 3?
False
Is 159 a factor of 13875564?
False
Does 420 divide 1235125352?
False
Does 7100 divide 155187952?
False
Does 330 divide 151954768?
False
Is 3876843574 a multiple of 6810?
False
Is 543293448 a multiple of 584?
True
Is 165 a factor of 1186632102?
False
Is 25615040 a multiple of 880?
True
Is 200 a factor of 277043562?
False
Is 77453278 a multiple of 14?
True
Is 36 a factor of 150157656?
True
Is 2023496 even?
True
Is 17 a factor of 3768263359?
False
Is 470 a factor of 25098940?
True
Is 458068297 a multiple of 575?
False
Is 1786276874 a multiple of 4313?
False
Is 13 a factor of 97788002?
True
Is 53425091 a multiple of 58?
False
Does 18 divide 1096367474?
False
Is 8852583 a multiple of 3?
True
Is 43867020 a multiple of 19?
False
Does 542 divide 15877890?
True
Is 7779985 a multiple of 34?
False
Is 14929246 a multiple of 65?
False
Is 20452700 a multiple of 170?
True
Is 37804810 a multiple of 1770?
False
Is 22 a factor of 32175807?
False
Is 26 a factor of 1756749046?
True
Is 14346085 a multiple of 3?
False
Is 93777937 a multiple of 173?
True
Is 4671536932 a multiple of 4583?
False
Is 7371007 a multiple of 7?
True
Does 54 divide 4826210?
False
Is 8 a factor of 23321160?
True
Is 41569320 a multiple of 195?
True
Is 79486417 a multiple of 341?
False
Is 16 a factor of 65280504?
False
Is 287 a factor of 2676716978?
False
Does 745 divide 1896746905?
True
Is 12 a factor of 52913474?
False
Does 6 divide 71681983?
False
Is 7 a factor of 132421169?
False
Is 295158691 a multiple of 649?
False
Does 422 divide 9157865?
False
Is 470723413 a multiple of 198?
False
Is 123 a factor of 9425982?
True
Is 6 a factor of 546967350?
True
Is 65540979 a multiple of 715?
False
Is 922 a factor of 61225778?
False
Is 148195439 a multiple of 96?
False
Is 40 a factor of 70849200?
True
Is 2697030439 a multiple of 6073?
False
Is 17 a factor of 104312003?
False
Is 46 a factor of 8328622?
True
Is 71584370 a multiple of 55?
True
Is 25538800 a multiple of 25?
True
Is 307 a factor of 153470507?
False
Does 296 divide 176908247?
False
Is 61925940 a multiple of 57?
True
Is 38 a factor of 21168541?
False
Is 3 a factor of 2970637?
False
Is 4940 a factor of 4304716000?
True
Is 79053452 a multiple of 35?
False
Is 43 a factor of 4519730?
True
Does 21 divide 2781433498?
False
Is 2247672116 a multiple of 6484?
True
Is 38 a factor of 176496168?
True
Does 163 divide 804375497?
True
Is 512323852 a multiple of 663?
False
Does 1049 divide 18499115?
True
Is 1052 a factor of 115188740?
True
Is 169155732 a multiple of 2612?
True
Is 33 a factor of 476809175?
False
Is 38 a factor of 18227228?
False
Is 114 a factor of 311450030?
False
Is 42 a factor of 97745298?
True
Is 45015936 a multiple of 128?
True
Does 156 divide 903202872?
True
Is 1837 a factor of 9320938?
True
Does 112 divide 29240512?
True
Does 210 divide 12898620?
True
Does 609 divide 68354160?
True
Is 16 a factor of 841231728?
True
Is 11 a factor of 11149919?
True
Does 263 divide 17793528?
True
Is 847410 a multiple of 5?
True
Does 112 divide 2228760105?
False
Is 925 a factor of 141087475?
True
Is 2862 a factor of 20383164?
True
Is 832 a factor of 24063936?
True
Is 4022901364 a multiple of 1427?
True
Does 81 divide 1432654938?
True
Does 672 divide 29048544?
True
Is 58045861 a multiple of 728?
False
Does 27 divide 14051421?
True
Is 16 a factor of 193326880?
True
Is 86 a factor of 1091391779?
False
Is 226 a factor of 377564866?
True
Is 163712529 a multiple of 27?
True
Does 131 divide 62353249?
True
Does 204 divide 642565524?
True
Does 13 divide 512787431?
True
Is 16 a factor of 1435948672?
True
Does 415 divide 6783956?
False
Is 456849815 a multiple of 211?
True
Is 210 a factor of 13043940?
True
Does 20 divide 152486060?
True
Is 25 a factor of 4393776?
False
Does 181 divide 8585083?
False
Does 48 divide 157030272?
True
Is 23 a factor of 122308805?
False
Does 25 divide 138521095?
False
Does 1213 divide 237104184?
False
Is 105 a factor of 151229822?
False
Is 233273702 a multiple of 2?
True
Is 1475004060 a multiple of 645?
True
Is 525018551 a multiple of 26?
False
Does 5 divide 1103277470?
True
Does 306 divide 3317971?
False
Does 8046 divide 2280155940?
True
Is 4 a factor of 393672?
True
Is 289 a factor of 1486558?
False
Is 314231798 a multiple of 2413?
False
Is 34 a factor of 1854897?
False
Is 1612475867 a multiple of 97?
False
Is 959 a factor of 47651254?
False
Is 111740 a multiple of 4?
True
Is 15199281 a multiple of 11?
False
Does 192 divide 691376640?
True
Does 1931 divide 101211434?
True
Is 21875592 a multiple of 921?
True
Is 38864678 a multiple of 278?
True
Is 19 a factor of 692813986?
True
Is 1986 a factor of 43273939?
False
Does 33 divide 36245649?
True
Does 943 divide 23880491?
False
Does 18 divide 52784682?
False
Is 132675908 a multiple of 485?
False
Is 357778251 a multiple of 20?
False
Is 282206979 a multiple of 52?
False
Does 1787 divide 17006879?
True
Does 21 divide 81648669?
False
Is 162062866 a multiple of 14?
True
Does 1793 divide 1907759172?
True
Does 100 divide 2719096?
False
Is 6333553 a multiple of 53?
True
Is 1323961707 a multiple of 13?
False
Is 160311564 a multiple of 483?
True
Is 203753466 a multiple of 1143?
True
Does 31 divide 28602894?
True
Does 370 divide 207137840?
True
Is 9719388882 a multiple of 21?
True
Does 83 divide 19121955?
True
Is 713947725 a multiple of 45?
True
Does 116 divide 1532191919?
False
Is 1725300 a multiple of 450?
True
Is 49248570 a multiple of 18?
False
Does 538 divide 248790568?
True
Does 7 divide 7227703?
True
Does 15 divide 5026795200?
True
Is 834368572 a multiple of 9428?
True
Does 4 divide 97100568?
True
Does 536 divide 48345687?
False
Does 12 divide 2365716180?
True
Does 52 divide 326062828?
True
Is 10266231 a multiple of 326?
False
Does 8 divide 30491592?
True
Is 491455596 a multiple of 2307?
True
Is 1032308085 a multiple of 60?
False
Is 37 a factor of 186494119?
False
Does 342 divide 13192182?
False
Is 43847923 a multiple of 3?
False
Does 101 divide 20499293?
False
Is 473 a factor of 50047657?
True
Is 364 a factor of 24225877?
False
Is 34639080 a multiple of 35?
True
Does 20 divide 58663700?
True
Is 110945808 a multiple of 51?
True
Does 1397 divide 273635935?
False
Is 215 a factor of 22015862?
False
Is 368757209 a multiple of 3028?
False
Does 10 divide 811710155?
False
Is 924423440 a multiple of 82?
False
Is 5531 a factor of 158463150?
True
Is 60 a factor of 75925860?
True
Is 2537322 a multiple of 202?
True
Is